0104?
1
What is the ten millions digit of 1154219864?
5
What is the ten millions digit of 640414027?
4
What is the millions digit of 679695779?
9
What is the millions digit of 2136958602?
6
What is the hundred thousands digit of 48503706?
5
What is the thousands digit of 77803820?
3
What is the ten thousands digit of 526064860?
6
What is the thousands digit of 3332661308?
1
What is the ten millions digit of 483688115?
8
What is the tens digit of 35242284?
8
What is the ten thousands digit of 175806330?
0
What is the ten thousands digit of 9982501?
8
What is the hundred millions digit of 565024383?
5
What is the hundred thousands digit of 82748699?
7
What is the millions digit of 364417586?
4
What is the tens digit of 223591341?
4
What is the millions digit of 636034216?
6
What is the tens digit of 470685821?
2
What is the ten millions digit of 245795144?
4
What is the tens digit of 7237299?
9
What is the thousands digit of 346644185?
4
What is the hundred millions digit of 349401172?
3
What is the hundreds digit of 44842150?
1
What is the millions digit of 95555823?
5
What is the ten thousands digit of 495310160?
1
What is the hundred thousands digit of 4588701063?
7
What is the hundred thousands digit of 45551601?
5
What is the hundred millions digit of 422182170?
4
What is the hundred millions digit of 190356354?
1
What is the thousands digit of 52997136?
7
What is the ten thousands digit of 1875094160?
9
What is the tens digit of 62967042?
4
What is the millions digit of 9107088162?
7
What is the hundred millions digit of 1408901863?
4
What is the hundreds digit of 134346655?
6
What is the units digit of 71862928?
8
What is the hundred millions digit of 271366767?
2
What is the ten thousands digit of 677880289?
8
What is the units digit of 75215647?
7
What is the ten thousands digit of 5013635553?
3
What is the thousands digit of 13759664?
9
What is the ten thousands digit of 6775043582?
4
What is the ten thousands digit of 1877508071?
0
What is the tens digit of 447075959?
5
What is the thousands digit of 54523086?
3
What is the thousands digit of 4633360158?
0
What is the ten millions digit of 2331479682?
3
What is the hundred thousands digit of 8655128474?
1
What is the ten thousands digit of 57995970?
9
What is the billions digit of 1141836172?
1
What is the ten millions digit of 21297245?
2
What is the ten millions digit of 27167989?
2
What is the ten thousands digit of 31558157?
5
What is the thousands digit of 4662643?
2
What is the ten millions digit of 407494784?
0
What is the tens digit of 56409098?
9
What is the hundreds digit of 8815369631?
6
What is the thousands digit of 19482898?
2
What is the hundreds digit of 597200002?
0
What is the hundreds digit of 81275165?
1
What is the units digit of 1962775055?
5
What is the ten millions digit of 339374943?
3
What is the hundreds digit of 1134273096?
0
What is the units digit of 63630981?
1
What is the millions digit of 163362431?
3
What is the units digit of 29355934?
4
What is the hundred millions digit of 398874173?
3
What is the ten millions digit of 548615250?
4
What is the hundreds digit of 26449021?
0
What is the billions digit of 1698982370?
1
What is the ten millions digit of 1103719866?
0
What is the thousands digit of 4867315381?
5
What is the millions digit of 102570960?
2
What is the hundred millions digit of 1692725848?
6
What is the tens digit of 16235931?
3
What is the hundred thousands digit of 67158272?
1
What is the thousands digit of 17541288?
1
What is the ten millions digit of 2131491974?
3
What is the hundred millions digit of 402296450?
4
What is the ten millions digit of 61913294?
6
What is the hundred millions digit of 3551097964?
5
What is the hundreds digit of 742269917?
9
What is the tens digit of 65960605?
0
What is the thousands digit of 610783719?
3
What is the hundred millions digit of 1045080339?
0
What is the ten thousands digit of 1356201550?
0
What is the ten thousands digit of 89973994?
7
What is the thousands digit of 485062636?
2
What is the hundred thousands digit of 74384464?
3
What is the thousands digit of 166787410?
7
What is the units digit of 44472299?
9
What is the thousands digit of 80059909?
9
What is the thousands digit of 3962487465?
7
What is the ten millions digit of 58691024?
5
What is the thousands digit of 729699841?
9
What is the ten thousands digit of 5283538567?
3
What is the hundred thousands digit of 22902883?
9
What is the hundreds digit of 4574661329?
3
What is the hundreds digit of 5045163604?
6
What is the hundreds digit of 2813318386?
3
What is the ten millions digit of 28749272?
2
What is the millions digit of 10114835?
0
What is the ten millions digit of 976589470?
7
What is the tens digit of 116520988?
8
What is the ten millions digit of 1443490855?
4
What is the billions digit of 3905403542?
3
What is the tens digit of 193096735?
3
What is the units digit of 24870936?
6
What is the tens digit of 437431643?
4
What is the thousands digit of 36496420?
6
What is the millions digit of 371111896?
1
What is the hundreds digit of 11435410?
4
What is the tens digit of 1581587962?
6
What is the millions digit of 50748722?
0
What is the millions digit of 17792603?
7
What is the ten thousands digit of 2875557874?
5
What is the millions digit of 240076700?
0
What is the thousands digit of 729990102?
0
What is the ten thousands digit of 71379741?
7
What is the thousands digit of 1356926094?
6
What is the units digit of 72847014?
4
What is the ten millions digit of 484073644?
8
What is the ten thousands digit of 1492668169?
6
What is the thousands digit of 147305542?
5
What is the units digit of 685483389?
9
What is the tens digit of 500307363?
6
What is the units digit of 1013709088?
8
What is the billions digit of 1205317701?
1
What is the thousands digit of 1645521240?
1
What is the hundred millions digit of 2246306025?
2
What is the units digit of 425829712?
2
What is the millions digit of 4925283140?
5
What is the millions digit of 66614992?
6
What is the ten thousands digit of 135884856?
8
What is the hundred millions digit of 307226901?
3
What is the millions digit of 107515138?
7
What is the millions digit of 110716972?
0
What is the hundred millions digit of 1472422888?
4
What is the millions digit of 230133026?
0
What is the millions digit of 270461900?
0
What is the ten millions digit of 341862568?
4
What is the hundred millions digit of 3277399675?
2
What is the ten millions digit of 32132506?
3
What is the hundred thousands digit of 827787290?
7
What is the hundred millions digit of 256367742?
2
What is the millions digit of 211524642?
1
What is the hundreds digit of 1752884?
8
What is the tens digit of 61182438?
3
What is the tens digit of 1447397798?
9
What is the ten thousands digit of 53367810?
6
What is the tens digit of 42366353?
5
What is the ten millions digit of 38924414?
3
What is the hundred millions digit of 1490700695?
4
What is the thousands digit of 1627896452?
6
What is the billions digit of 1026810311?
1
What is the ten millions digit of 312435478?
1
What is the millions digit of 106290116?
6
What is the hundreds digit of 3630850135?
1
What is the hundred thousands digit of 45657151?
6
What is the tens digit of 64658140?
4
What is the hundred millions digit of 1502357286?
5
What is the thousands digit of 133149286?
9
What is the millions digit of 75327411?
5
What is the hundred thousands digit of 576833263?
8
What is the units digit of 1596528745?
5
What is the hundreds digit of 572782?
7
What is the hundred thousands digit of 690917350?
9
What is the ten millions digit of 89171907?
8
What is the hundred millions digit of 2998793252?
9
What is the hundreds digit of 19381322?
3
What is the millions digit of 29926979?
9
What is the ten millions digit of 636171136?
3
What is the ten millions digit of 57076879?
5
What is the ten millions digit of 3097903596?
9
What is the hundred millions digit of 2783595057?
7
What is the hundred thousands digit of 57667475?
6
What is the ten thousands digit of 47973568?
7
What is the hundred thousands digit of 1126606888?
6
What is the hundred thousands digit of 7015664?
0
What is the thousands digit of 19150154?
0
What is the ten millions digit of 29365854?
2
Wh